) to base 13.
-25664
What is -41243522 (base 6) in base 11?
-741600
What is -11020202112 (base 3) in base 6?
-1443152
453641 (base 8) to base 7
1206352
-523368 (base 11) to base 3
-1120121211212
What is -997a57 (base 11) in base 10?
-1591817
What is -1440221 (base 6) in base 3?
-11012220011
What is 2395983 (base 10) in base 8?
11107517
-101032040 (base 5) to base 8
-1435513
What is -71647 (base 8) in base 10?
-29607
What is 11392 (base 16) in base 11?
49003
What is 400693 (base 12) in base 2?
11110011001111001111
-133412033 (base 5) to base 4
-2213103110
33201002 (base 6) to base 10
995546
-312313313 (base 5) to base 14
-258a4c
What is 121213 (base 7) in base 2?
101011000101100
1234065 (base 9) to base 13
1a6c66
What is d4ab8 (base 15) in base 11?
420471
-59b27 (base 16) to base 15
-73cd4
Convert -710237 (base 10) to base 15.
-e0692
Convert 23272 (base 14) to base 9.
140322
What is 7a6403 (base 13) in base 12?
b79476
Convert 14113052 (base 6) to base 2.
1110100010010011000
Convert 6504432 (base 8) to base 16.
1a891a
211313120 (base 4) to base 5
14430341
Convert -231331110 (base 4) to base 11.
-119481
31251 (base 6) to base 14
1767
-223311011 (base 5) to base 7
-11311302
Convert 6c1301 (base 15) to base 3.
100201112220001
Convert 1100101001111001101 (base 2) to base 11.
263602
What is -838ba (base 16) in base 4?
-2003202322
Convert 6846b9 (base 12) to base 5.
411314142
Convert b693 (base 12) to base 3.
1000102010
What is -21113231331 (base 4) in base 7?
-26610435
Convert -2a416 (base 12) to base 3.
-10000102000
Convert -13a78 (base 14) to base 4.
-23321022
Convert -2101011101121 (base 3) to base 11.
-792934
What is -943228 (base 16) in base 10?
-9712168
-3197660 (base 11) to base 8
-25333714
-121412 (base 11) to base 6
-4041345
51622517 (base 8) to base 4
221302111033
130031233203 (base 4) to base 8
34155743
What is 56497 (base 12) in base 13?
402c1
Convert 33c867 (base 13) to base 15.
1939e3
What is -118481 (base 9) in base 11?
-49a79
What is -22a5840 (base 11) in base 3?
-21120012110000
Convert -8ba793 (base 12) to base 11.
-1298894
Convert -3415a6 (base 12) to base 3.
-1120021022100
-1004402340 (base 6) to base 16
-9d1ab4
-c1bbe (base 15) to base 12
-257075
Convert -15c80 (base 15) to base 2.
-10001001010110000
What is -42230003 (base 6) in base 5?
-303414444
-1a4c8f (base 16) to base 11
-a77a10
-25651645 (base 8) to base 7
-66434156
Convert 78bbe (base 15) to base 3.
201111210022
-465611 (base 9) to base 6
-5554531
Convert -335374 (base 10) to base 12.
-1420ba
What is 20121101001 (base 3) in base 9?
217331
-3a7764 (base 12) to base 3
-1211010112011
-2675627 (base 12) to base 10
-7619647
What is -97bb7 (base 12) in base 7?
-1463245
-575531 (base 11) to base 7
-10530513
Convert -3132212013 (base 4) to base 12.
-37b773
Convert -92631 (base 11) to base 2.
-100001000000010111
What is 13310210 (base 4) in base 15?
975b
3cc0b (base 14) to base 7
1164614
What is -10042420 (base 5) in base 9?
-133073
Convert 111110101000001010100 (base 2) to base 16.
1f5054
-36bd7e (base 15) to base 2
-1010000000001001011100
-22100110122010 (base 3) to base 11
-2561281
30a8401 (base 13) to base 4
320121130202
Convert -10100101110001000100110 (base 2) to base 7.
-64112200
What is 10210202200 (base 3) in base 15?
172e6
What is -282900 (base 14) in base 2?
-101010011011010010100
What is -33c21c0 (base 13) in base 15?
-15ed73c
What is -16bd0b (base 15) in base 4?
-10031111102
What is 5110421 (base 6) in base 12?
b8411
Convert 1000101100111010100 (base 2) to base 16.
459d4
Convert 1b18c (base 14) to base 9.
114477
-8b2a7 (base 14) to base 16
-52883
What is -1503112 (base 6) in base 14?
-235d2
What is 133a8 (base 15) in base 11?
422a5
Convert 31204104 (base 5) to base 7.
2116425
Convert -13034300 (base 7) to base 10.
-1185212
What is 4040442 (base 6) in base 2?
101110110111101010
1112002213 (base 4) to base 12
14bb47
-3013032100 (base 4) to base 8
-3071620
92973 (base 12) to base 13
691bc
-25410050 (base 7) to base 12
-931aab
What is 1237483 (base 9) in base 8?
2445644
1e4bf0 (base 16) to base 12
7b9040
What is 200110121010 (base 3) in base 13?
c959a
Convert 466441 (base 7) to base 4.
110133031
What is 923d (base 14) in base 13?
b5a1
Convert 22367d (base 14) to base 8.
4335417
What is -1100111000001100111001 (base 2) in base 3?
-20100111220102
-465671 (base 14) to base 10
-2396787
102410013 (base 8) to base 9
35725562
What is 506d4 (base 15) in base 16?
3e2d2
Convert -7663432 (base 8) to base 14.
-3b800a
What is 642744 (base 8) in base 9?
356213
Convert -114043400 (base 5) to base 2.
-10000010011011010001
-1101101001111000110 (base 2) to base 8
-1551706
Convert -124a631 (base 12) to base 10.
-3584773
What is -920932 (base 13) in base 6?
-200514121
Convert -100101110000010000100010 (base 2) to base 11.
-564a838
Convert -5e87 (base 15) to base 12.
-b7b4
15205452 (base 8) to base 7
41355613
Convert -231206 (base 12) to base 11.
-354183
Convert -a44 (base 12) to base 8.
-2724
Convert 3331211223 (base 4) to base 14.
1d076b
What is -5513510 (base 6) in base 2?
-1000010111101110010
bc248 (base 13) to base 6
11150221
What is -6268d8 (base 16) in base 11?
-3705562
Convert 10532554 (base 6) to base 9.
542487
Convert -8c1baa (base 15) to base 4.
-121200323332
Convert -310130131303 (base 4) to base 16.
-d1c773
What is -13c0a (base 15) in base 11?
-43751
What is 958354 (base 11) in base 15?
20468e
Convert a417 (base 16) to base 8.
122027
-42175 (base 8) to base 10
-17533
-5193101 (base 10) to base 14
-99275b
135b817 (base 12) to base 14
72552b
73503 (base 10) to base 4
101330133
5e407 (base 16) to base 9
647510
34379 (base 13) to base 14
26914
Convert 172644 (base 8) to base 4.
33112210
Convert 57fab (base 16) to base 2.
1010111111110101011
What is 1d5a3 (base 16) in base 8?
352643
3756426 (base 8) to base 7
11560005
What is -4010332 (base 7) in base 10?
-473167
What is 2351450 (base 8) in base 15?
caba5
Convert 10011011100010101110 (base 2) to base 6.
21353314
-402410234 (base 5) to base 10
-1606944
Convert -25079c (base 14) to base 2.
-100110101110111110110
2403766 (base 11) to base 12
14a2092
79a105 (base 11) to base 10
1272562
What is -903a32 (base 12) in base 11?
-12a4625
Convert 419785 (base 10) to base 5.
101413120
-2551227 (base 9) to base 2
-101010011110011101000
What is -14b2c9 (base 14) in base 12?
-2a9b69
Convert -3151442 (base 6) to base 14.
-404b8
-17994c (base 13) to base 4
-2100223002
-3295523 (base 12) to base 2
-100100110100010110101011
What is 1a84 (base 11) in base 13?
1277
What is -10133101141 (base 5) in base 13?
-22173b2
Convert 1a893 (base 12) to base 6.
501503
Convert -73d242 (base 14) to base 11.
-2235286
Convert 67319 (base 12) to base 4.
201130011
Convert 22a4530 (base 11) to base 7.
46102052
Convert -17223727 (base 8) to base 11.
-2298211
What is -12311023101 (base 4) in base 6?
-102214053
101132020 (base 5) to base 15
81de0
33077 (base 8) to base 11
a485
Convert 4333220 (base 5) to base 14.
1d06d
Convert -2ab19b (base 14) to base 16.
-16bd95
Convert -15428 (base 15) to base 4.
-100231112
What is 2001211122102 (base 3) in base 15?
16a9b8
9070b8 (base 12) to base 8
10455714
3496980 (base 10) to base 11
1a79373
-23152215 (base 7) to base 2
-111101111100001001001
What is -123221113 (base 4) in base 10?
-113239
792f6e (base 16) to base 15
a6d2b8
Convert 4b998 (base 13) to base 3.
21010010022
What is 631563 (base 7) in base 11?
74719
Convert 34235 (base 15) to base 4.
220133303
Convert -e58ed (base 16) to base 15.
-1388e9
Convert -6d6bae (base 15) to base 9.
-10762152
-121232222 (base 4) to base 10
-105386
Convert -313000013 (base 4) to base 16.
-37007
110013000 (base 4) to base 13
2b650
Convert 93267 (base 10) to base 8.
266123
What is -532679 (base 11) in base 3?
-1121022121201
Convert 3071 (base 14) to base 9.
12376
-779415 (base 15) to base 8
-25577257
-20360 (base 13) to base 5
-3321312
-2122120120021 (base 3) to base 13
-3a4344
What is 33010214 (base 5) in base 9?
468660
What is 2344319 (base 10) in base 2?
1000111100010101111111
12411224 (base 5) to base 14
329d7
What is -36819 (base 12) in base 16?
-12015
Convert -64043 (base 9) to base 16.
-a551
What is -4871311 (base 9) in base 8?
-12056111
What is 7322770 (base 8) in base 7?
22341550
Convert -12